Let y be -828*((-48)/18 + 2). What is the highest common factor of y and 69?
69
Let p be -6 + (-34320)/(-363) + 12/(-22). Calculate the greatest common factor of 44 and p.
44
Let r = -21 - -23. Suppose 7 = r*l - l. Suppose 129 = 4*s - 5*u, u + l = s - 24. What is the greatest common divisor of s and 65?
13
Suppose -3*w = -4*w + 7. Suppose 0 = 3*u - 15 + 12. What is the highest common divisor of w and u?
1
Let d(n) = -4 - 4*n - n + 8*n**2 + n. Let t be d(-3). Calculate the highest common divisor of 16 and t.
16
Suppose 3*t = 5*r + 137, 10*r - 10 = 5*r. Calculate the highest common divisor of t and 245.
49
Suppose -5*s = -s + 24. Let t be 192/(-3)*15/s. Let p(i) = 5*i**2 - 24*i - 16. Let d be p(6). What is the greatest common divisor of d and t?
20
Suppose 7*o = 24 + 4. Let d be 1 - (-378)/10 - o/(-20). What is the greatest common divisor of 26 and d?
13
Suppose 9*t - 22*t = -338. What is the greatest common factor of t and 702?
26
Suppose -3*t = -68 + 53. Calculate the highest common divisor of t and 115.
5
Let c = -88 + 58. Let k be ((-3)/1)/(c/(-11) + -3). Calculate the greatest common factor of 1 and k.
1
Let j be (-4)/(-12)*3*1. Let f be 238/(-22) - (245/77 + -3). Let p(w) = w + 13. Let x be p(f). What is the highest common divisor of j and x?
1
Let m = 19 - 5. Let v = 80 + 118. Let f = v + -44. What is the greatest common factor of f and m?
14
Suppose h = -4*x + 13 + 23, -16 = -x - 2*h. Let a(c) = 11*c - 2. Let f be a(2). Calculate the highest common divisor of f and x.
4
Suppose 0 = 13*q - 2114 - 6076. Calculate the highest common factor of 70 and q.
70
Let n(t) = t**3 + 5*t**2 - t. Let p be n(-5). Suppose p*q = 2*q. Suppose q = 5*d + 4*v - 0*v - 9, -5*v = 20. Calculate the highest common factor of 5 and d.
5
Suppose -3*g = y - 14, -5*g + 12 + 10 = 2*y. Suppose -i = g - 17. Calculate the highest common divisor of 1 and i.
1
Let j = 793 - 784. Calculate the greatest common factor of j and 153.
9
Let u(a) = 2*a**2 + 2*a + 8. Let b be u(-8). What is the highest common divisor of 80 and b?
40
Suppose -58*a + 61*a - 57 = 0. What is the greatest common factor of 1577 and a?
19
Suppose 0 = -66*x + 69*x - 135. Calculate the highest common factor of x and 36.
9
Suppose 4*z + 15 - 27 = 0. Let a be (54 + 0/z)*2/6. What is the highest common factor of 162 and a?
18
Let v be -1 + (-744)/56 + 4/14. Let t = v - -32. Calculate the highest common divisor of 90 and t.
18
Suppose 2*y = -m + 8 - 0, -5*m - 5 = y. Suppose -5*g - 6*k + 30 = -11*k, 2*k = -5*g + 23. Calculate the greatest common factor of y and g.
5
Let z(p) = -p**3 - 7*p**2 + 27*p - 24. Let j be z(-12). Calculate the highest common divisor of 12 and j.
12
Let v(a) = -a**2 - 4*a - 4. Let l be v(-2). Suppose l = -6*p + 655 + 173. What is the greatest common divisor of p and 92?
46
Let u(p) = p**2 - 2*p - 2. Let y be u(3). Let c(w) = 5*w**3 - w**2 + w. Let j be c(y). Let r = 11 - j. What is the highest common factor of 30 and r?
6
Let s be -21*((-2)/2 + 15 + -127). What is the highest common divisor of s and 21?
21
Let f be 33/(-88)*4 + (-1849)/(-2). Calculate the highest common divisor of f and 13.
13
Suppose 14*g - 17*g = -90. What is the highest common divisor of g and 75?
15
Let b = -492 - -882. What is the highest common factor of 26 and b?
26
Suppose 0 = 18*m - 424 - 278. Calculate the highest common divisor of m and 65.
13
Let o(v) = -314 - 3*v + 320 - 3*v. Let g be o(-2). What is the greatest common divisor of 72 and g?
18
Let s(i) = 63*i**2 - i - 1. Let o be 2/8 + 20/(-16). Let d be s(o). What is the highest common divisor of d and 42?
21
Let t = 27 + -16. Let a(v) = -v - 9. Let j be a(0). Let d = t + j. Calculate the highest common factor of 18 and d.
2
Let g be (-15)/(3 + 3 - 7). What is the greatest common divisor of g and 405?
15
Suppose 89*f - 84*f + 128 = 4*t, -4*t = 2*f - 128. Calculate the greatest common factor of 512 and t.
32
Let w(d) = -d + 9. Let h be -8*(-2)/16*-4. Let k be w(h). Calculate the greatest common divisor of k and 117.
13
Suppose 0 = 8*g - 5*g + 2*z - 56, 5*z - 41 = -3*g. What is the greatest common factor of 198 and g?
22
Suppose 6*m - 4*m = -k + 15, -m + 9 = k. Calculate the highest common factor of 102 and m.
6
Let b(n) = 8*n + 77. Let i(w) = -2*w - 19. Let h(u) = 2*b(u) + 9*i(u). Let r be h(-16). What is the highest common divisor of r and 3?
3
Let w be (-12)/(-54) - (1398/(-27) - 2). Suppose 17*j - w - 507 = 0. Calculate the greatest common divisor of 22 and j.
11
Suppose 0*n - 5*n + 20 = 0. Let r be (-50)/n*(-3 - -1). Suppose -2*b + 77 = r. Calculate the greatest common factor of 65 and b.
13
Let f(d) = -2*d**2 - 3*d + 20. Let k be f(-6). Let t = -32 - k. Calculate the greatest common divisor of 16 and t.
2
Let b be (-2 - -4) + (-17 - -24). What is the greatest common factor of 63 and b?
9
Suppose -4*i - 69 = -4*s + 111, -2*s - 2*i = -78. Calculate the greatest common factor of 224 and s.
14
Suppose 0 = -5*n - 118 - 72. Let q be (-2)/(-4)*n/(-1). Suppose -w - 134 = -3*h - 5*w, 4*h - 137 = 3*w. Calculate the greatest common divisor of q and h.
19
Let j = -493 - -930. Suppose -j = -5*h - 1157. Let s be (h/(-20))/((-6)/(-15)). What is the greatest common factor of 126 and s?
18
Let t = -394 + 599. What is the highest common divisor of 5 and t?
5
Suppose -z + 21 = -2*c - c, -z = 2*c + 9. Let b = c + 13. What is the greatest common factor of 21 and b?
7
Let j be -1 - -2 - (-22 - -20). What is the highest common divisor of j and 51?
3
Suppose 3*o - 597 = -2*h, 1476 = -37*h + 42*h + 2*o. Calculate the greatest common divisor of h and 42.
42
Let h(s) be the second derivative of 2*s + 1/20*s**5 + 0 + 5/2*s**2 + 3/2*s**3 + s**4. Let t be h(-11). What is the greatest common divisor of t and 9?
9
Suppose 3*x - 23 = 28. Let t(w) = 187*w**3. Let q(o) = -o**3 + 9*o**2 + 10*o + 1. Let r be q(10). Let i be t(r). What is the highest common factor of i and x?
17
Let c = 9 + -2. Let q = 20 - c. Suppose -4*d - 2*m + 62 = 0, -5*d + 41 = -4*m - 4. What is the greatest common factor of d and q?
13
Let x(k) = k**2 - 13*k + 17. Let o be x(12). Suppose 75 = -o*h + 125. What is the highest common factor of h and 10?
10
Let l be 4/(-12)*(-2 + -4). Suppose u - 3*g - 2 = 0, l*u + g - 58 = -3*u. Let q = 12 - u. What is the highest common factor of 1 and q?
1
Let q(z) = -z**3 - 6*z**2 + 58*z + 96. Let u be q(-12). What is the greatest common divisor of u and 120?
24
Let y = -108 - -71. Let z = 92 + y. Suppose -3*n = -4*o - 314, -5*n + 3*o - z = -593. Calculate the greatest common divisor of n and 10.
10
Let g be 8/(-1 + 5)*2. Let s(v) = -v + 13. Let k be s(g). What is the greatest common factor of 3 and k?
3
Let c be 6*(-20)/(-75) + (-4)/(-10). Suppose -288 = -4*k + k + 5*b, 0 = -3*k + c*b + 279. What is the highest common divisor of k and 13?
13
Let j(h) = h**2 + 19*h - 5. Let q be j(9). What is the highest common divisor of q and 65?
13
Suppose -6*g - 46 = 2*m - 10*g, 5*m - 5*g + 120 = 0. Let z = m - -65. Let b = 461 + -261. Calculate the highest common factor of b and z.
40
Let s = 117 + -114. Suppose -129 = 2*l - 4*l + x, 0 = -s*x - 9. Calculate the highest common divisor of l and 7.
7
Suppose 60 + 3 = 7*o. Suppose 49 - o = 4*v. Let i be ((-2)/4)/(2/(-16)). What is the highest common divisor of i and v?
2
Suppose 19*g + 40*g - 3894 = 0. Suppose -6*k = -3*k - 99. Calculate the highest common divisor of g and k.
33
Let b be -5*4/(-240) + 3115/60. What is the highest common factor of 390 and b?
26
Let r = 59 - 15. Suppose 5*i - r = 56. Calculate the greatest common factor of i and 100.
20
Suppose 7 + 3 = 2*g, -2*a - 4*g = -22. Let m(b) = -2*b + 39. Let w be m(19). What is the highest common factor of a and w?
1
Suppose 15*x - 552 - 1038 = 0. Calculate the highest common factor of x and 1166.
106
Suppose -4*y = 3*c - 2016, 0 = 4*y - 3*c - 1626 - 390. Calculate the highest common divisor of 36 and y.
36
Suppose -14 = -4*l + 38. Let d(u) = -l*u + 112 - 117 + 4*u. Let b be d(-3). Calculate the greatest common divisor of 176 and b.
22
Suppose -21*r + 3497 = -3874. Calculate the greatest common factor of 78 and r.
39
Let k = -11 - -13. Suppose 6 + 10 = k*h. Let p be 6/4*336/9. What is the greatest common factor of h and p?
8
Let u(n) = 8*n - 78. Let z be u(18). What is the greatest common f